8493677.
19, 109, 18587
What are the prime factors of 840322652?
2, 13, 19, 850529
List the prime factors of 1556801499.
3, 11, 19, 2482937
What are the prime factors of 277597422?
2, 3, 43, 119551
List the prime factors of 86220965.
5, 2113, 8161
List the prime factors of 247121293.
247121293
List the prime factors of 743491738.
2, 11, 53, 227
What are the prime factors of 101610550?
2, 5, 23, 149, 593
List the prime factors of 75654557.
11, 883, 7789
What are the prime factors of 67795108?
2, 1873, 9049
List the prime factors of 1285185585.
3, 5, 85679039
What are the prime factors of 222767230?
2, 5, 7, 454627
List the prime factors of 220591761.
3, 13, 127, 44537
List the prime factors of 356854321.
356854321
What are the prime factors of 54005029?
13, 83, 50051
What are the prime factors of 123636803?
113, 1094131
List the prime factors of 5566283277.
3, 1855427759
List the prime factors of 553918394.
2, 1621, 170857
List the prime factors of 40718521.
139, 197, 1487
What are the prime factors of 654833662?
2, 7, 46773833
What are the prime factors of 396832118?
2, 198416059
List the prime factors of 49085663.
11, 61, 191, 383
What are the prime factors of 3316583286?
2, 3, 61418209
List the prime factors of 258349318.
2, 37, 47, 59, 1259
What are the prime factors of 162534403?
3943, 41221
What are the prime factors of 39761451?
3, 1433, 3083
List the prime factors of 144206351.
359, 401689
What are the prime factors of 20935951?
1279, 16369
List the prime factors of 29341006.
2, 14670503
What are the prime factors of 500916085?
5, 7573, 13229
What are the prime factors of 2169531295?
5, 433906259
What are the prime factors of 4026460812?
2, 3, 11, 17, 1794323
List the prime factors of 5157932.
2, 13, 99191
List the prime factors of 211248967.
353, 598439
List the prime factors of 48200589.
3, 595069
List the prime factors of 3758822310.
2, 3, 5, 239, 524243
What are the prime factors of 12775726?
2, 6387863
List the prime factors of 4208703280.
2, 5, 3343, 15737
What are the prime factors of 5114725001?
151, 5813, 5827
What are the prime factors of 74018239?
74018239
What are the prime factors of 31712725?
5, 11, 115319
List the prime factors of 117303754.
2, 1171, 50087
What are the prime factors of 43202747?
7, 31, 263, 757
List the prime factors of 57297221.
89, 97, 6637
List the prime factors of 90462682.
2, 45231341
List the prime factors of 1712325261.
3, 13127, 43481
List the prime factors of 107175319.
2339, 45821
List the prime factors of 162104312.
2, 83, 241, 1013
What are the prime factors of 73441664?
2, 573763
List the prime factors of 124115868.
2, 3, 1149221
What are the prime factors of 2605914357?
3, 113, 7687063
List the prime factors of 295555895.
5, 821, 71999
List the prime factors of 383905996.
2, 487, 197077
List the prime factors of 1862729249.
2693, 691693
List the prime factors of 683691853.
13, 52591681
List the prime factors of 87544090.
2, 5, 1871, 4679
List the prime factors of 255117722.
2, 1451, 87911
What are the prime factors of 65078708?
2, 37, 67, 6563
What are the prime factors of 178105708?
2, 11, 151, 2437
What are the prime factors of 252274133?
252274133
What are the prime factors of 50412271?
7, 13, 553981
List the prime factors of 549236848.
2, 34327303
List the prime factors of 31670766.
2, 3, 67, 26261
List the prime factors of 1606872568.
2, 7, 71, 277, 1459
List the prime factors of 5295761589.
3, 31, 59, 965147
List the prime factors of 247230364.
2, 3613, 17107
What are the prime factors of 2198670368?
2, 1193, 57593
List the prime factors of 1684017833.
193, 8725481
List the prime factors of 63311003.
7, 2801, 3229
List the prime factors of 372865405.
5, 11, 19, 509, 701
List the prime factors of 91775688.
2, 3, 37, 181, 571
What are the prime factors of 963317750?
2, 5, 17, 226663
List the prime factors of 68443490.
2, 5, 6844349
What are the prime factors of 869536387?
19, 45765073
List the prime factors of 672921040.
2, 5, 11, 764683
List the prime factors of 6102095293.
7, 23, 157, 34487
List the prime factors of 461491407.
3, 13, 3944371
List the prime factors of 156837566.
2, 211, 419, 887
What are the prime factors of 1285974915?
3, 5, 59, 109, 13331
List the prime factors of 7589271290.
2, 5, 29, 26169901
List the prime factors of 26938115.
5, 17, 316919
What are the prime factors of 11839892?
2, 31, 95483
What are the prime factors of 408641268?
2, 3, 7, 4864777
What are the prime factors of 1156496560?
2, 5, 19, 61, 12473
What are the prime factors of 302438428?
2, 19, 263, 15131
List the prime factors of 413083125.
3, 5, 7, 13, 269
List the prime factors of 4704889.
7, 672127
What are the prime factors of 2952135116?
2, 7, 105433397
List the prime factors of 223999110.
2, 3, 5, 37, 137, 491
What are the prime factors of 69860549?
11, 19, 334261
What are the prime factors of 8327330137?
7, 169945513
List the prime factors of 100854544.
2, 7, 197, 653
What are the prime factors of 858115246?
2, 9397, 45659
What are the prime factors of 770592167?
17, 6011, 7541
List the prime factors of 182680804.
2, 157, 191, 1523
List the prime factors of 220514934.
2, 3, 149, 246661
List the prime factors of 219959643.
3, 317, 231293
What are the prime factors of 1614631156?
2, 31, 13021219
List the prime factors of 2115894.
2, 3, 11, 32059
List the prime factors of 209443263.
3, 2017, 34613
What are the prime factors of 5390192921?
31, 3947, 44053
What are the prime factors of 42817099?
13, 23, 89, 1609
List the prime factors of 108105553.
108105553
What are the prime factors of 1881144242?
2, 940572121
List the prime factors of 596566039.
53, 11255963
What are the prime factors of 5873440?
2, 5, 36709
What are the prime factors of 1197443215?
5, 347, 751, 919
List the prime factors of 1756404475.
5, 7, 10036597
List the prime factors of 801236140.
2, 5, 40061807
What are the prime factors of 394499468?
2, 11, 8965897
List the prime factors of 127874727.
3, 61, 77641
List the prime factors of 7234614826.
2, 17, 97, 2193637
List the prime factors of 796935695.
5, 159387139
List the prime factors of 66818229.
3, 67, 401, 829
What are the prime factors of 347286092?
2, 2083, 41681
What are the prime factors of 2422472112?
2, 3, 16822723
List the prime factors of 501287834.
2, 250643917
List the prime factors of 6824776302.
2, 3, 173, 937, 2339
What are the prime factors of 22165467?
3, 17, 613, 709
List the prime factors of 9791462.
2, 157, 31183
List the prime factors of 354935340.
2, 3, 5, 487, 4049
What are the prime factors of 1965029326?
2, 13, 75578051
List the prime factors of 3752367603.
3, 61, 20504741
List the prime factors of 203974604.
2, 751, 67901
What are the prime factors of 83728678?
2, 11, 3805849
List the prime factors of 173136985.
5, 7, 23, 215077
What are the prime factors of 72561390?
2, 3, 5, 11, 31, 41, 173
List the prime factors of 10826318.
2, 79, 68521
What are the prime factors of 83555695?
5, 31, 701, 769
List the prime factors of 808646380.
2, 5, 40432319
List the prime factors of 466184982.
2, 3, 17, 4570441
List the prime factors of 58467030.
2, 3, 5, 37, 52673
List the prime factors of 15446836.
2, 3861709
List the prime factors of 48612659.
19, 131, 19531
What are the prime factors of 268130918?
2, 11, 23, 67, 719
List the prime factors of 665653610.
2, 5, 491, 135571
List the prime factors of 1682987673.
3, 67, 8373073
What are the prime factors of 5566047155?
5, 461, 2414771
What are the prime factors of 1521781709?
7, 6299, 34513
List the prime factors of 496619.
73, 6803
List the prime factors of 18814892.
2, 31, 151733
What are the prime factors of 31320067?
4019, 7793
List the prime factors of 4129130293.
19, 179, 1214093
What are the prime factors of 46657020?
2, 3, 5, 777617
List the prime factors of 119965746.
2, 3, 23, 869317
List the prime factors of 48560296.
2, 17, 53, 6737
List the prime factors of 1329225595.
5, 31, 8575649
List the prime factors of 4864618390.
2, 5, 563, 864053
What are the prime factors of 34455735?
3, 5, 127, 6029
What are the prime factors of 125525396?
2, 31381349
What are the prime factors of 5096482093?
179, 28471967
What are the prime factors of 799878286?
2, 107, 3737749
List the prime factors of 1106958235.
5, 63